{"id":165,"date":"2022-01-11T21:51:48","date_gmt":"2022-01-11T21:51:48","guid":{"rendered":"http:\/\/bitacoras.ceipdeolveira.org\/cursoradio\/?page_id=165"},"modified":"2022-01-21T11:33:51","modified_gmt":"2022-01-21T11:33:51","slug":"a-radio-e-as-competencias","status":"publish","type":"page","link":"https:\/\/bitacoras.ceipdeolveira.org\/cursoradio\/a-radio-e-as-competencias\/","title":{"rendered":"<center>A RADIO E AS COMPETENCIAS<\/center>"},"content":{"rendered":"\n<div class=\"wp-block-image\"><figure class=\"aligncenter size-large is-resized\"><img loading=\"lazy\" decoding=\"async\" src=\"https:\/\/bitacoras.ceipdeolveira.org\/cursoradio\/wp-content\/uploads\/sites\/24\/2022\/01\/frequency-949236_960_720.jpg\" alt=\"\" class=\"wp-image-173\" width=\"322\" height=\"245\"\/><\/figure><\/div>\n\n\n\n<p class=\"has-text-align-center has-small-font-size\"><strong>IMAXEN<\/strong><br><a href=\"https:\/\/pixabay.com\/es\/users\/tbit-715211\/\">TBIT<\/a>, <em>Frecuencia Radio Escala<\/em>, en\u00a0<a href=\"https:\/\/pixabay.com\/es\/photos\/frecuencia-radio-escala-actitud-949236\/\">pixabay.com<\/a>, licenza\u00a0<a href=\"https:\/\/pixabay.com\/es\/service\/license\/\">CC 0<\/a><\/p>\n\n\n\n<hr class=\"wp-block-separator\"\/>\n\n\n\n<p>Calquera dos traballos que fagamos na radio, dentro do centro, vai contribu\u00edr, en maior ou menor grao, ao desenvolvemento das Competencias Clave. A continuaci\u00f3n nomeamos unha serie de achegas que a radio aporta nas aprendizaxes do noso alumnado.<\/p>\n\n\n\n<ul class=\"wp-block-list\"><li><strong>Comunicaci\u00f3n ling\u00fc\u00edstica<\/strong>: Ao ter que redactar e ler en voz alta de xeito expresivo diversos textos.<\/li><li><strong>Competencia matem\u00e1tica e competencias b\u00e1sicas en ciencia e tecnolox\u00eda<\/strong>: A relaci\u00f3n coa tecnolox\u00eda \u00e9 evidente. As matem\u00e1ticas est\u00e1n m\u00e1is presentes nos programas en directo polo \u2018timming\u2019 dos mesmos.<\/li><li><strong>Competencia dixital<\/strong>: Os ordenadores son parte fundamental do proceso radiof\u00f3nico hoxe en d\u00eda, as\u00ed como outro tipo de aparellos: gravadoras, c\u00e1maras,&#8230;<\/li><li><strong>Aprender a aprender<\/strong>: Eles mesmos van constru\u00edndo as s\u00faas aprendizaxes base\u00e1ndose nas experiencias nos tres roles existentes neste tipo de proxectos.<\/li><li><strong>Competencias sociais e c\u00edvicas<\/strong>: Te\u00f1en que chegar a acordos, traballando en equipo, tomando decisi\u00f3ns e sendo conscientes que a suma das achegas de todos fan posible levar a cabo o proxecto.<\/li><li><strong>Sentido de iniciativa e esp\u00edrito emprendedor<\/strong>: O alumnado ser\u00e1 part\u00edcipe da toma de decisi\u00f3ns previas aos proxectos, tipo de programas, tem\u00e1tica,&#8230; Asemade, chegado o momento, cada un dos alumnos\/as participantes decantaranse por un dos tres roles: redactores, locutores ou t\u00e9cnicos.<\/li><li><strong>Conciencia e expresi\u00f3ns culturais<\/strong>: A radio foi, dende sempre, un medio polo que se difunde m\u00fasica, novas, literatura, cultura en xeral. Ademais, ao estar enmarcada dentro dun centro educativo, est\u00e1 claro que ten un destacado papel educativo e cultural.<\/li><\/ul>\n","protected":false},"excerpt":{"rendered":"<p>IMAXENTBIT, Frecuencia Radio Escala, en\u00a0pixabay.com, licenza\u00a0CC 0 Calquera dos traballos que fagamos na radio, dentro do centro, vai contribu\u00edr, en maior ou menor grao, ao desenvolvemento das Competencias Clave. A continuaci\u00f3n nomeamos unha serie de achegas que a radio aporta &hellip; <a href=\"https:\/\/bitacoras.ceipdeolveira.org\/cursoradio\/a-radio-e-as-competencias\/\">Sigue lendo <span class=\"meta-nav\">&rarr;<\/span><\/a><\/p>\n","protected":false},"author":18,"featured_media":0,"parent":0,"menu_order":0,"comment_status":"closed","ping_status":"closed","template":"","meta":{"footnotes":""},"class_list":["post-165","page","type-page","status-publish","hentry"],"_links":{"self":[{"href":"https:\/\/bitacoras.ceipdeolveira.org\/cursoradio\/wp-json\/wp\/v2\/pages\/165","targetHints":{"allow":["GET"]}}],"collection":[{"href":"https:\/\/bitacoras.ceipdeolveira.org\/cursoradio\/wp-json\/wp\/v2\/pages"}],"about":[{"href":"https:\/\/bitacoras.ceipdeolveira.org\/cursoradio\/wp-json\/wp\/v2\/types\/page"}],"author":[{"embeddable":true,"href":"https:\/\/bitacoras.ceipdeolveira.org\/cursoradio\/wp-json\/wp\/v2\/users\/18"}],"replies":[{"embeddable":true,"href":"https:\/\/bitacoras.ceipdeolveira.org\/cursoradio\/wp-json\/wp\/v2\/comments?post=165"}],"version-history":[{"count":6,"href":"https:\/\/bitacoras.ceipdeolveira.org\/cursoradio\/wp-json\/wp\/v2\/pages\/165\/revisions"}],"predecessor-version":[{"id":445,"href":"https:\/\/bitacoras.ceipdeolveira.org\/cursoradio\/wp-json\/wp\/v2\/pages\/165\/revisions\/445"}],"wp:attachment":[{"href":"https:\/\/bitacoras.ceipdeolveira.org\/cursoradio\/wp-json\/wp\/v2\/media?parent=165"}],"curies":[{"name":"wp","href":"https:\/\/api.w.org\/{rel}","templated":true}]}}

<div class="wp-block-image"><figure class="aligncenter size-large is-resized"><img loading="lazy" decoding="async" src="https://bitacoras.ceipdeolveira.org/cursoradio/wp-content/uploads/sites/24/2022/01/frequency-949236_960_720.jpg" alt="" class="wp-image-173" width="322" height="245"/></figure></div>



<p class="has-text-align-center has-small-font-size"><strong>IMAXEN</strong><br><a href="https://pixabay.com/es/users/tbit-715211/">TBIT</a>, <em>Frecuencia Radio Escala</em>, en <a href="https://pixabay.com/es/photos/frecuencia-radio-escala-actitud-949236/">pixabay.com</a>, licenza <a href="https://pixabay.com/es/service/license/">CC 0</a></p>



<hr class="wp-block-separator"/>



<p>Calquera dos traballos que fagamos na radio, dentro do centro, vai contribuír, en maior ou menor grao, ao desenvolvemento das Competencias Clave. A continuación nomeamos unha serie de achegas que a radio aporta nas aprendizaxes do noso alumnado.</p>



<ul class="wp-block-list"><li><strong>Comunicación lingüística</strong>: Ao ter que redactar e ler en voz alta de xeito expresivo diversos textos.</li><li><strong>Competencia matemática e competencias básicas en ciencia e tecnoloxía</strong>: A relación coa tecnoloxía é evidente. As matemáticas están máis presentes nos programas en directo polo ‘timming’ dos mesmos.</li><li><strong>Competencia dixital</strong>: Os ordenadores son parte fundamental do proceso radiofónico hoxe en día, así como outro tipo de aparellos: gravadoras, cámaras,&#8230;</li><li><strong>Aprender a aprender</strong>: Eles mesmos van construíndo as súas aprendizaxes baseándose nas experiencias nos tres roles existentes neste tipo de proxectos.</li><li><strong>Competencias sociais e cívicas</strong>: Teñen que chegar a acordos, traballando en equipo, tomando decisións e sendo conscientes que a suma das achegas de todos fan posible levar a cabo o proxecto.</li><li><strong>Sentido de iniciativa e espírito emprendedor</strong>: O alumnado será partícipe da toma de decisións previas aos proxectos, tipo de programas, temática,&#8230; Asemade, chegado o momento, cada un dos alumnos/as participantes decantaranse por un dos tres roles: redactores, locutores ou técnicos.</li><li><strong>Conciencia e expresións culturais</strong>: A radio foi, dende sempre, un medio polo que se difunde música, novas, literatura, cultura en xeral. Ademais, ao estar enmarcada dentro dun centro educativo, está claro que ten un destacado papel educativo e cultural.</li></ul>

<p>IMAXENTBIT, Frecuencia Radio Escala, en pixabay.com, licenza CC 0 Calquera dos traballos que fagamos na radio, dentro do centro, vai contribuír, en maior ou menor grao, ao desenvolvemento das Competencias Clave. A continuación nomeamos unha serie de achegas que a radio aporta &hellip; <a href="https://bitacoras.ceipdeolveira.org/cursoradio/a-radio-e-as-competencias/">Sigue lendo <span class="meta-nav">&rarr;</span></a></p>
