{"id":594,"date":"2022-02-17T21:22:32","date_gmt":"2022-02-17T21:22:32","guid":{"rendered":"https:\/\/bitacoras.ceipdeolveira.org\/cursoradio\/?page_id=594"},"modified":"2022-02-17T21:22:32","modified_gmt":"2022-02-17T21:22:32","slug":"tecnicos","status":"publish","type":"page","link":"https:\/\/bitacoras.ceipdeolveira.org\/cursoradio\/tecnicos\/","title":{"rendered":"<center>T\u00c9CNICOS<\/center>"},"content":{"rendered":"\n<p><\/p>\n\n\n\n<p>Os t\u00e9cnicos de son deben ter un gran control sobre todo o equipamento que se utiliza na radio: micr\u00f3fonos, auriculares, mesas, tarxetas de son, ordenadores,\u2026 E tam\u00e9n deben dominar o software utilizado para o rexistro e edici\u00f3n dos programas.<\/p>\n\n\n\n<p>\u00c9 importante que te\u00f1an a soltura suficiente como para poder resolver alg\u00fan pequeno problema que se poida dar no transcurso dun programa: micro que non vai, auriculares que non se escoitan,\u2026<\/p>\n\n\n\n<p>Ter organizadas as canci\u00f3n e os efectos de son antes de comezar o programa \u00e9 algo que facilita bastante o traballo e elimina certo grado de incerteza, polo que debemos facer fincap\u00e9 nisto.<\/p>\n\n\n\n<p>Nun primeiro momento \u00e9 boa idea que alg\u00fan mestre acompa\u00f1e ao alumno\/a modo de titor, para ilos guiando no proceso e que se sintan m\u00e1is seguros. Posteriormente, cando adquiran certa soltura, poder\u00e1n levar o programa sen axuda externa.<\/p>\n","protected":false},"excerpt":{"rendered":"<p>Os t\u00e9cnicos de son deben ter un gran control sobre todo o equipamento que se utiliza na radio: micr\u00f3fonos, auriculares, mesas, tarxetas de son, ordenadores,\u2026 E tam\u00e9n deben dominar o software utilizado para o rexistro e edici\u00f3n dos programas. \u00c9 &hellip; <a href=\"https:\/\/bitacoras.ceipdeolveira.org\/cursoradio\/tecnicos\/\">Sigue lendo <span class=\"meta-nav\">&rarr;<\/span><\/a><\/p>\n","protected":false},"author":18,"featured_media":0,"parent":0,"menu_order":0,"comment_status":"closed","ping_status":"closed","template":"","meta":{"footnotes":""},"class_list":["post-594","page","type-page","status-publish","hentry"],"_links":{"self":[{"href":"https:\/\/bitacoras.ceipdeolveira.org\/cursoradio\/wp-json\/wp\/v2\/pages\/594","targetHints":{"allow":["GET"]}}],"collection":[{"href":"https:\/\/bitacoras.ceipdeolveira.org\/cursoradio\/wp-json\/wp\/v2\/pages"}],"about":[{"href":"https:\/\/bitacoras.ceipdeolveira.org\/cursoradio\/wp-json\/wp\/v2\/types\/page"}],"author":[{"embeddable":true,"href":"https:\/\/bitacoras.ceipdeolveira.org\/cursoradio\/wp-json\/wp\/v2\/users\/18"}],"replies":[{"embeddable":true,"href":"https:\/\/bitacoras.ceipdeolveira.org\/cursoradio\/wp-json\/wp\/v2\/comments?post=594"}],"version-history":[{"count":1,"href":"https:\/\/bitacoras.ceipdeolveira.org\/cursoradio\/wp-json\/wp\/v2\/pages\/594\/revisions"}],"predecessor-version":[{"id":595,"href":"https:\/\/bitacoras.ceipdeolveira.org\/cursoradio\/wp-json\/wp\/v2\/pages\/594\/revisions\/595"}],"wp:attachment":[{"href":"https:\/\/bitacoras.ceipdeolveira.org\/cursoradio\/wp-json\/wp\/v2\/media?parent=594"}],"curies":[{"name":"wp","href":"https:\/\/api.w.org\/{rel}","templated":true}]}}