{"id":80,"date":"2020-02-28T09:12:08","date_gmt":"2020-02-28T09:12:08","guid":{"rendered":"https:\/\/bitacoras.ceipdeolveira.org\/voznatura\/?page_id=80"},"modified":"2020-02-28T09:12:09","modified_gmt":"2020-02-28T09:12:09","slug":"xacintos","status":"publish","type":"page","link":"https:\/\/bitacoras.ceipdeolveira.org\/voznatura\/xacintos\/","title":{"rendered":"XACINTOS"},"content":{"rendered":"\n<figure class=\"wp-block-image size-large\"><img loading=\"lazy\" decoding=\"async\" width=\"960\" height=\"640\" src=\"https:\/\/bitacoras.ceipdeolveira.org\/voznatura\/wp-content\/uploads\/sites\/20\/2020\/02\/hyacinth-4856046_960_720.jpg\" alt=\"\" class=\"wp-image-81\" srcset=\"https:\/\/bitacoras.ceipdeolveira.org\/voznatura\/wp-content\/uploads\/sites\/20\/2020\/02\/hyacinth-4856046_960_720.jpg 960w, https:\/\/bitacoras.ceipdeolveira.org\/voznatura\/wp-content\/uploads\/sites\/20\/2020\/02\/hyacinth-4856046_960_720-300x200.jpg 300w, https:\/\/bitacoras.ceipdeolveira.org\/voznatura\/wp-content\/uploads\/sites\/20\/2020\/02\/hyacinth-4856046_960_720-768x512.jpg 768w, https:\/\/bitacoras.ceipdeolveira.org\/voznatura\/wp-content\/uploads\/sites\/20\/2020\/02\/hyacinth-4856046_960_720-450x300.jpg 450w\" sizes=\"auto, (max-width: 960px) 100vw, 960px\" \/><figcaption><a href=\"https:\/\/pixabay.com\/users\/Mammiya-12752456\/\">Mammiya<\/a>, <em>&#8220;Sen t\u00edtulo&#8221;<\/em> en <a href=\"https:\/\/pixabay.com\/photos\/hyacinth-flower-blossom-bloom-4856046\/\">Pixabay.com<\/a>, Licenza <a href=\"https:\/\/pixabay.com\/es\/service\/license\/\">Pixabay License<\/a><\/figcaption><\/figure>\n\n\n\n<p>Os xacintos son\nplantas pertencentes ao x\u00e9nero Hyacinthus. Son plantas perenne e\nbulbosas pertencentes \u00e1 subfamilia das escil\u00f3ideas dentro das\nasparag\u00e1ceas. Son orixinarios da rexi\u00f3n mediterr\u00e1nea e da \u00c1frica\nmeridional. O seu nome prov\u00e9n de Xacinto, amante do deus Apolo\nsegundo a mitolox\u00eda grega.<\/p>\n\n\n\n<p>O xacinto com\u00fan,\nnormalmente cultivado en Galiza (Hyacinthus orientalis) foi tan\npopular durante o s\u00e9culo XVIII que se cultivaron m\u00e1is de 2.000\ntipos nos Pa\u00edses Baixos, o principal produtor hoxe en d\u00eda.<\/p>\n\n\n\n<p>O xacintos producen\nunha \u00fanica e mesta espiga de recendentes flores en tons\navermellados, azuis, brancos ou amarelos. Unha variedade de florista\nm\u00e1is delicada e mi\u00fada do xacinto com\u00fan \u00e9 o xacinto romano (var.\nalbulus) de p\u00e9talos azuis ou brancos.<\/p>\n\n\n\n<p>Na actualidade, reco\u00f1\u00e9cense soamente tres especies no g\u00e9nero Hyacinthus, a\u00ednda que algunhas autoridades colocan H. litwonowii e H. transcaspicus no x\u00e9nero emparentado Hyacinthella, deixando o Hyacinthus coma monotipo.  <\/p>\n\n\n\n<p>FONTE: <a href=\"https:\/\/gl.wikipedia.org\/wiki\/Xacinto_(planta)\">http:\/\/wikipedia.org<\/a><\/p>\n","protected":false},"excerpt":{"rendered":"<p>Os xacintos son plantas pertencentes ao x\u00e9nero Hyacinthus. Son plantas perenne e bulbosas pertencentes \u00e1 subfamilia das escil\u00f3ideas dentro das asparag\u00e1ceas. Son orixinarios da rexi\u00f3n mediterr\u00e1nea e da \u00c1frica meridional. O seu nome prov\u00e9n de Xacinto, amante do deus Apolo &hellip; <a href=\"https:\/\/bitacoras.ceipdeolveira.org\/voznatura\/xacintos\/\">Sigue lendo <span class=\"meta-nav\">&rarr;<\/span><\/a><\/p>\n","protected":false},"author":18,"featured_media":0,"parent":0,"menu_order":0,"comment_status":"closed","ping_status":"closed","template":"","meta":{"footnotes":""},"class_list":["post-80","page","type-page","status-publish","hentry"],"_links":{"self":[{"href":"https:\/\/bitacoras.ceipdeolveira.org\/voznatura\/wp-json\/wp\/v2\/pages\/80","targetHints":{"allow":["GET"]}}],"collection":[{"href":"https:\/\/bitacoras.ceipdeolveira.org\/voznatura\/wp-json\/wp\/v2\/pages"}],"about":[{"href":"https:\/\/bitacoras.ceipdeolveira.org\/voznatura\/wp-json\/wp\/v2\/types\/page"}],"author":[{"embeddable":true,"href":"https:\/\/bitacoras.ceipdeolveira.org\/voznatura\/wp-json\/wp\/v2\/users\/18"}],"replies":[{"embeddable":true,"href":"https:\/\/bitacoras.ceipdeolveira.org\/voznatura\/wp-json\/wp\/v2\/comments?post=80"}],"version-history":[{"count":1,"href":"https:\/\/bitacoras.ceipdeolveira.org\/voznatura\/wp-json\/wp\/v2\/pages\/80\/revisions"}],"predecessor-version":[{"id":82,"href":"https:\/\/bitacoras.ceipdeolveira.org\/voznatura\/wp-json\/wp\/v2\/pages\/80\/revisions\/82"}],"wp:attachment":[{"href":"https:\/\/bitacoras.ceipdeolveira.org\/voznatura\/wp-json\/wp\/v2\/media?parent=80"}],"curies":[{"name":"wp","href":"https:\/\/api.w.org\/{rel}","templated":true}]}}